{"id":3380,"date":"2025-03-28T10:22:51","date_gmt":"2025-03-28T09:22:51","guid":{"rendered":"https:\/\/www.todobudapest.com\/products\/budapesti-varosnezes-profi-fotozassal-hosszu-tura\/"},"modified":"2025-03-28T14:43:11","modified_gmt":"2025-03-28T13:43:11","slug":"budapesti-varosnezes-profi-fotozassal-hosszu-tura","status":"publish","type":"product","link":"https:\/\/www.todobudapest.com\/hu\/products\/budapesti-varosnezes-profi-fotozassal-hosszu-tura\/","title":{"rendered":"Hossz\u00fa Budapesti V\u00e1rosn\u00e9z\u00e9s Profi Fot\u00f3z\u00e1ssal"},"content":{"rendered":"","protected":false},"excerpt":{"rendered":"<p>Egy \u00faj gener\u00e1ci\u00f3s v\u00e1rosn\u00e9z\u0151 szolg\u00e1ltat\u00e1s, amely k\u00fclt\u00e9ri f\u00e9nyk\u00e9pez\u00e9st k\u00edn\u00e1l a f\u0151v\u00e1ros legszebb helysz\u00ednein. Szenved\u00e9llyel dolgozunk azon, hogy \u00e9letre sz\u00f3l\u00f3 eml\u00e9ket alkossunk a l\u00e1togat\u00f3knak, akik felfedezik Magyarorsz\u00e1g f\u0151v\u00e1ros\u00e1t. Ezt \u00fagy val\u00f3s\u00edtjuk meg, hogy egy egyed\u00fcl\u00e1ll\u00f3 v\u00e1rosn\u00e9z\u0151 \u00e9s f\u00e9nyk\u00e9pez\u00e9si t\u00far\u00e1t k\u00edn\u00e1lunk, amely 400 kiv\u00e1l\u00f3 min\u0151s\u00e9g\u0171 f\u00e9nyk\u00e9pet tartalmaz, ingyenes szerkeszt\u00e9ssel!<\/p>\n","protected":false},"featured_media":3369,"comment_status":"closed","ping_status":"closed","template":"","meta":[],"product_cat":[32],"product_tag":[],"class_list":["post-3380","product","type-product","status-publish","has-post-thumbnail","hentry","product_cat-varosnezo-tura"],"acf":[],"yoast_head":"<!-- This site is optimized with the Yoast SEO plugin v20.3 - https:\/\/yoast.com\/wordpress\/plugins\/seo\/ -->\n<title>Hossz\u00fa Budapesti V\u00e1rosn\u00e9z\u00e9s Profi Fot\u00f3z\u00e1ssal - To Do Budapest<\/title>\n<meta name=\"description\" content=\"Egy \u00faj gener\u00e1ci\u00f3s v\u00e1rosn\u00e9z\u0151 szolg\u00e1ltat\u00e1s, amely k\u00fclt\u00e9ri f\u00e9nyk\u00e9pez\u00e9st k\u00edn\u00e1l Magyarorsz\u00e1g f\u0151v\u00e1ros\u00e1ban, Budapest legszebb helysz\u00ednein.\" \/>\n<meta name=\"robots\" content=\"index, follow, max-snippet:-1, max-image-preview:large, max-video-preview:-1\" \/>\n<link rel=\"canonical\" href=\"https:\/\/www.todobudapest.com\/hu\/products\/budapesti-varosnezes-profi-fotozassal-hosszu-tura\/\" \/>\n<meta property=\"og:locale\" content=\"hu_HU\" \/>\n<meta property=\"og:type\" content=\"article\" \/>\n<meta property=\"og:title\" content=\"Budapesti V\u00e1rosn\u00e9z\u00e9s Profi Fot\u00f3z\u00e1ssal (Hossz\u00fa T\u00fara)\" \/>\n<meta property=\"og:description\" content=\"Egy \u00faj gener\u00e1ci\u00f3s v\u00e1rosn\u00e9z\u0151 szolg\u00e1ltat\u00e1s, amely k\u00fclt\u00e9ri f\u00e9nyk\u00e9pez\u00e9st k\u00edn\u00e1l Magyarorsz\u00e1g f\u0151v\u00e1ros\u00e1ban, Budapest legszebb helysz\u00ednein.\" \/>\n<meta property=\"og:url\" content=\"https:\/\/www.todobudapest.com\/hu\/products\/budapesti-varosnezes-profi-fotozassal-hosszu-tura\/\" \/>\n<meta property=\"og:site_name\" content=\"To Do Budapest\" \/>\n<meta property=\"article:modified_time\" content=\"2025-03-28T13:43:11+00:00\" \/>\n<meta property=\"og:image\" content=\"https:\/\/www.todobudapest.com\/wp-content\/uploads\/2025\/03\/IMG_1596-7-scaled.jpg\" \/>\n\t<meta property=\"og:image:width\" content=\"1707\" \/>\n\t<meta property=\"og:image:height\" content=\"2560\" \/>\n\t<meta property=\"og:image:type\" content=\"image\/jpeg\" \/>\n<meta name=\"twitter:card\" content=\"summary_large_image\" \/>\n<script type=\"application\/ld+json\" class=\"yoast-schema-graph\">{\"@context\":\"https:\/\/schema.org\",\"@graph\":[{\"@type\":\"WebPage\",\"@id\":\"https:\/\/www.todobudapest.com\/hu\/products\/budapesti-varosnezes-profi-fotozassal-hosszu-tura\/\",\"url\":\"https:\/\/www.todobudapest.com\/hu\/products\/budapesti-varosnezes-profi-fotozassal-hosszu-tura\/\",\"name\":\"Hossz\u00fa Budapesti V\u00e1rosn\u00e9z\u00e9s Profi Fot\u00f3z\u00e1ssal - To Do Budapest\",\"isPartOf\":{\"@id\":\"https:\/\/www.todobudapest.com\/#website\"},\"datePublished\":\"2025-03-28T09:22:51+00:00\",\"dateModified\":\"2025-03-28T13:43:11+00:00\",\"description\":\"Egy \u00faj gener\u00e1ci\u00f3s v\u00e1rosn\u00e9z\u0151 szolg\u00e1ltat\u00e1s, amely k\u00fclt\u00e9ri f\u00e9nyk\u00e9pez\u00e9st k\u00edn\u00e1l Magyarorsz\u00e1g f\u0151v\u00e1ros\u00e1ban, Budapest legszebb helysz\u00ednein.\",\"breadcrumb\":{\"@id\":\"https:\/\/www.todobudapest.com\/hu\/products\/budapesti-varosnezes-profi-fotozassal-hosszu-tura\/#breadcrumb\"},\"inLanguage\":\"hu\",\"potentialAction\":[{\"@type\":\"ReadAction\",\"target\":[\"https:\/\/www.todobudapest.com\/hu\/products\/budapesti-varosnezes-profi-fotozassal-hosszu-tura\/\"]}]},{\"@type\":\"BreadcrumbList\",\"@id\":\"https:\/\/www.todobudapest.com\/hu\/products\/budapesti-varosnezes-profi-fotozassal-hosszu-tura\/#breadcrumb\",\"itemListElement\":[{\"@type\":\"ListItem\",\"position\":1,\"name\":\"Home\",\"item\":\"https:\/\/www.todobudapest.com\/hu\/\"},{\"@type\":\"ListItem\",\"position\":2,\"name\":\"Shop\",\"item\":\"https:\/\/www.todobudapest.com\/hu\/shop\/\"},{\"@type\":\"ListItem\",\"position\":3,\"name\":\"Sightseeing Tours\",\"item\":\"https:\/\/www.todobudapest.com\/todo-category\/sightseeing-tours\/\"},{\"@type\":\"ListItem\",\"position\":4,\"name\":\"Hossz\u00fa Budapesti V\u00e1rosn\u00e9z\u00e9s Profi Fot\u00f3z\u00e1ssal\"}]},{\"@type\":\"WebSite\",\"@id\":\"https:\/\/www.todobudapest.com\/#website\",\"url\":\"https:\/\/www.todobudapest.com\/\",\"name\":\"To Do Budapest\",\"description\":\"\",\"potentialAction\":[{\"@type\":\"SearchAction\",\"target\":{\"@type\":\"EntryPoint\",\"urlTemplate\":\"https:\/\/www.todobudapest.com\/?s={search_term_string}\"},\"query-input\":\"required name=search_term_string\"}],\"inLanguage\":\"hu\"}]}<\/script>\n<!-- \/ Yoast SEO plugin. -->","yoast_head_json":{"title":"Hossz\u00fa Budapesti V\u00e1rosn\u00e9z\u00e9s Profi Fot\u00f3z\u00e1ssal - To Do Budapest","description":"Egy \u00faj gener\u00e1ci\u00f3s v\u00e1rosn\u00e9z\u0151 szolg\u00e1ltat\u00e1s, amely k\u00fclt\u00e9ri f\u00e9nyk\u00e9pez\u00e9st k\u00edn\u00e1l Magyarorsz\u00e1g f\u0151v\u00e1ros\u00e1ban, Budapest legszebb helysz\u00ednein.","robots":{"index":"index","follow":"follow","max-snippet":"max-snippet:-1","max-image-preview":"max-image-preview:large","max-video-preview":"max-video-preview:-1"},"canonical":"https:\/\/www.todobudapest.com\/hu\/products\/budapesti-varosnezes-profi-fotozassal-hosszu-tura\/","og_locale":"hu_HU","og_type":"article","og_title":"Budapesti V\u00e1rosn\u00e9z\u00e9s Profi Fot\u00f3z\u00e1ssal (Hossz\u00fa T\u00fara)","og_description":"Egy \u00faj gener\u00e1ci\u00f3s v\u00e1rosn\u00e9z\u0151 szolg\u00e1ltat\u00e1s, amely k\u00fclt\u00e9ri f\u00e9nyk\u00e9pez\u00e9st k\u00edn\u00e1l Magyarorsz\u00e1g f\u0151v\u00e1ros\u00e1ban, Budapest legszebb helysz\u00ednein.","og_url":"https:\/\/www.todobudapest.com\/hu\/products\/budapesti-varosnezes-profi-fotozassal-hosszu-tura\/","og_site_name":"To Do Budapest","article_modified_time":"2025-03-28T13:43:11+00:00","og_image":[{"width":1707,"height":2560,"url":"https:\/\/www.todobudapest.com\/wp-content\/uploads\/2025\/03\/IMG_1596-7-scaled.jpg","type":"image\/jpeg"}],"twitter_card":"summary_large_image","schema":{"@context":"https:\/\/schema.org","@graph":[{"@type":"WebPage","@id":"https:\/\/www.todobudapest.com\/hu\/products\/budapesti-varosnezes-profi-fotozassal-hosszu-tura\/","url":"https:\/\/www.todobudapest.com\/hu\/products\/budapesti-varosnezes-profi-fotozassal-hosszu-tura\/","name":"Hossz\u00fa Budapesti V\u00e1rosn\u00e9z\u00e9s Profi Fot\u00f3z\u00e1ssal - To Do Budapest","isPartOf":{"@id":"https:\/\/www.todobudapest.com\/#website"},"datePublished":"2025-03-28T09:22:51+00:00","dateModified":"2025-03-28T13:43:11+00:00","description":"Egy \u00faj gener\u00e1ci\u00f3s v\u00e1rosn\u00e9z\u0151 szolg\u00e1ltat\u00e1s, amely k\u00fclt\u00e9ri f\u00e9nyk\u00e9pez\u00e9st k\u00edn\u00e1l Magyarorsz\u00e1g f\u0151v\u00e1ros\u00e1ban, Budapest legszebb helysz\u00ednein.","breadcrumb":{"@id":"https:\/\/www.todobudapest.com\/hu\/products\/budapesti-varosnezes-profi-fotozassal-hosszu-tura\/#breadcrumb"},"inLanguage":"hu","potentialAction":[{"@type":"ReadAction","target":["https:\/\/www.todobudapest.com\/hu\/products\/budapesti-varosnezes-profi-fotozassal-hosszu-tura\/"]}]},{"@type":"BreadcrumbList","@id":"https:\/\/www.todobudapest.com\/hu\/products\/budapesti-varosnezes-profi-fotozassal-hosszu-tura\/#breadcrumb","itemListElement":[{"@type":"ListItem","position":1,"name":"Home","item":"https:\/\/www.todobudapest.com\/hu\/"},{"@type":"ListItem","position":2,"name":"Shop","item":"https:\/\/www.todobudapest.com\/hu\/shop\/"},{"@type":"ListItem","position":3,"name":"Sightseeing Tours","item":"https:\/\/www.todobudapest.com\/todo-category\/sightseeing-tours\/"},{"@type":"ListItem","position":4,"name":"Hossz\u00fa Budapesti V\u00e1rosn\u00e9z\u00e9s Profi Fot\u00f3z\u00e1ssal"}]},{"@type":"WebSite","@id":"https:\/\/www.todobudapest.com\/#website","url":"https:\/\/www.todobudapest.com\/","name":"To Do Budapest","description":"","potentialAction":[{"@type":"SearchAction","target":{"@type":"EntryPoint","urlTemplate":"https:\/\/www.todobudapest.com\/?s={search_term_string}"},"query-input":"required name=search_term_string"}],"inLanguage":"hu"}]}},"_links":{"self":[{"href":"https:\/\/www.todobudapest.com\/hu\/wp-json\/wp\/v2\/product\/3380","targetHints":{"allow":["GET"]}}],"collection":[{"href":"https:\/\/www.todobudapest.com\/hu\/wp-json\/wp\/v2\/product"}],"about":[{"href":"https:\/\/www.todobudapest.com\/hu\/wp-json\/wp\/v2\/types\/product"}],"replies":[{"embeddable":true,"href":"https:\/\/www.todobudapest.com\/hu\/wp-json\/wp\/v2\/comments?post=3380"}],"wp:featuredmedia":[{"embeddable":true,"href":"https:\/\/www.todobudapest.com\/hu\/wp-json\/wp\/v2\/media\/3369"}],"wp:attachment":[{"href":"https:\/\/www.todobudapest.com\/hu\/wp-json\/wp\/v2\/media?parent=3380"}],"wp:term":[{"taxonomy":"product_cat","embeddable":true,"href":"https:\/\/www.todobudapest.com\/hu\/wp-json\/wp\/v2\/product_cat?post=3380"},{"taxonomy":"product_tag","embeddable":true,"href":"https:\/\/www.todobudapest.com\/hu\/wp-json\/wp\/v2\/product_tag?post=3380"}],"curies":[{"name":"wp","href":"https:\/\/api.w.org\/{rel}","templated":true}]}}

Hosszú Budapesti Városnézés Profi Fotózással

<p>Egy új generációs városnéző szolgáltatás, amely kültéri fényképezést kínál a főváros legszebb helyszínein. Szenvedéllyel dolgozunk azon, hogy életre szóló emléket alkossunk a látogatóknak, akik felfedezik Magyarország fővárosát. Ezt úgy valósítjuk meg, hogy egy egyedülálló városnéző és fényképezési túrát kínálunk, amely 400 kiváló minőségű fényképet tartalmaz, ingyenes szerkesztéssel!</p>

<!-- This site is optimized with the Yoast SEO plugin v20.3 - https://yoast.com/wordpress/plugins/seo/ -->
<title>Hosszú Budapesti Városnézés Profi Fotózással - To Do Budapest</title>
<meta name="description" content="Egy új generációs városnéző szolgáltatás, amely kültéri fényképezést kínál Magyarország fővárosában, Budapest legszebb helyszínein." />
<meta name="robots" content="index, follow, max-snippet:-1, max-image-preview:large, max-video-preview:-1" />
<link rel="canonical" href="https://www.todobudapest.com/hu/products/budapesti-varosnezes-profi-fotozassal-hosszu-tura/" />
<meta property="og:locale" content="hu_HU" />
<meta property="og:type" content="article" />
<meta property="og:title" content="Budapesti Városnézés Profi Fotózással (Hosszú Túra)" />
<meta property="og:description" content="Egy új generációs városnéző szolgáltatás, amely kültéri fényképezést kínál Magyarország fővárosában, Budapest legszebb helyszínein." />
<meta property="og:url" content="https://www.todobudapest.com/hu/products/budapesti-varosnezes-profi-fotozassal-hosszu-tura/" />
<meta property="og:site_name" content="To Do Budapest" />
<meta property="article:modified_time" content="2025-03-28T13:43:11+00:00" />
<meta property="og:image" content="https://www.todobudapest.com/wp-content/uploads/2025/03/IMG_1596-7-scaled.jpg" />
	<meta property="og:image:width" content="1707" />
	<meta property="og:image:height" content="2560" />
	<meta property="og:image:type" content="image/jpeg" />
<meta name="twitter:card" content="summary_large_image" />
<script type="application/ld+json" class="yoast-schema-graph">{"@context":"https://schema.org","@graph":[{"@type":"WebPage","@id":"https://www.todobudapest.com/hu/products/budapesti-varosnezes-profi-fotozassal-hosszu-tura/","url":"https://www.todobudapest.com/hu/products/budapesti-varosnezes-profi-fotozassal-hosszu-tura/","name":"Hosszú Budapesti Városnézés Profi Fotózással - To Do Budapest","isPartOf":{"@id":"https://www.todobudapest.com/#website"},"datePublished":"2025-03-28T09:22:51+00:00","dateModified":"2025-03-28T13:43:11+00:00","description":"Egy új generációs városnéző szolgáltatás, amely kültéri fényképezést kínál Magyarország fővárosában, Budapest legszebb helyszínein.","breadcrumb":{"@id":"https://www.todobudapest.com/hu/products/budapesti-varosnezes-profi-fotozassal-hosszu-tura/#breadcrumb"},"inLanguage":"hu","potentialAction":[{"@type":"ReadAction","target":["https://www.todobudapest.com/hu/products/budapesti-varosnezes-profi-fotozassal-hosszu-tura/"]}]},{"@type":"BreadcrumbList","@id":"https://www.todobudapest.com/hu/products/budapesti-varosnezes-profi-fotozassal-hosszu-tura/#breadcrumb","itemListElement":[{"@type":"ListItem","position":1,"name":"Home","item":"https://www.todobudapest.com/hu/"},{"@type":"ListItem","position":2,"name":"Shop","item":"https://www.todobudapest.com/hu/shop/"},{"@type":"ListItem","position":3,"name":"Sightseeing Tours","item":"https://www.todobudapest.com/todo-category/sightseeing-tours/"},{"@type":"ListItem","position":4,"name":"Hosszú Budapesti Városnézés Profi Fotózással"}]},{"@type":"WebSite","@id":"https://www.todobudapest.com/#website","url":"https://www.todobudapest.com/","name":"To Do Budapest","description":"","potentialAction":[{"@type":"SearchAction","target":{"@type":"EntryPoint","urlTemplate":"https://www.todobudapest.com/?s={search_term_string}"},"query-input":"required name=search_term_string"}],"inLanguage":"hu"}]}</script>
<!-- / Yoast SEO plugin. -->

Hosszú Budapesti Városnézés Profi Fotózással - To Do Budapest

Egy új generációs városnéző szolgáltatás, amely kültéri fényképezést kínál Magyarország fővárosában, Budapest legszebb helyszínein.

Budapesti Városnézés Profi Fotózással (Hosszú Túra)
